ivided by 7?
3
Calculate the remainder when 1725 is divided by 211.
37
What is the remainder when 11208 is divided by 2197?
223
What is the remainder when 3123 is divided by 258?
27
Calculate the remainder when 53733 is divided by 194.
189
Calculate the remainder when 37467 is divided by 19.
18
Calculate the remainder when 252000 is divided by 1125.
0
Calculate the remainder when 19912 is divided by 2827.
123
What is the remainder when 66652 is divided by 72?
52
Calculate the remainder when 53441 is divided by 431.
428
What is the remainder when 1684 is divided by 496?
196
What is the remainder when 313960 is divided by 401?
378
Calculate the remainder when 19016 is divided by 317.
313
What is the remainder when 3647 is divided by 405?
2
Calculate the remainder when 6822 is divided by 189.
18
What is the remainder when 16118 is divided by 4835?
1613
What is the remainder when 40604 is divided by 158?
156
Calculate the remainder when 15765 is divided by 108.
105
Calculate the remainder when 637817 is divided by 1141.
1139
Calculate the remainder when 587848 is divided by 3893.
5
Calculate the remainder when 188037 is divided by 14.
3
Calculate the remainder when 7317 is divided by 116.
9
Calculate the remainder when 3942 is divided by 207.
9
What is the remainder when 25094 is divided by 330?
14
What is the remainder when 23284 is divided by 11611?
62
What is the remainder when 458431 is divided by 253?
248
Calculate the remainder when 28746 is divided by 6.
0
What is the remainder when 15041 is divided by 5007?
20
What is the remainder when 2532 is divided by 762?
246
Calculate the remainder when 8322 is divided by 3560.
1202
Calculate the remainder when 376788 is divided by 1089.
1083
Calculate the remainder when 1388 is divided by 90.
38
Calculate the remainder when 400342 is divided by 9.
4
What is the remainder when 3661 is divided by 1046?
523
What is the remainder when 161260 is divided by 80625?
10
Calculate the remainder when 1457 is divided by 134.
117
Calculate the remainder when 12847 is divided by 56.
23
What is the remainder when 15809 is divided by 360?
329
What is the remainder when 16090 is divided by 2293?
39
Calculate the remainder when 35029 is divided by 2501.
15
Calculate the remainder when 61487 is divided by 5587.
30
Calculate the remainder when 7199 is divided by 79.
10
What is the remainder when 8748 is divided by 8?
4
Calculate the remainder when 3676586 is divided by 405.
401
Calculate the remainder when 264154 is divided by 285.
244
What is the remainder when 121383 is divided by 85?
3
What is the remainder when 79728 is divided by 62?
58
Calculate the remainder when 1081 is divided by 318.
127
Calculate the remainder when 23386 is divided by 23247.
139
What is the remainder when 2594 is divided by 143?
20
What is the remainder when 1327 is divided by 119?
18
Calculate the remainder when 138243 is divided by 69104.
35
What is the remainder when 85732 is divided by 13?
10
Calculate the remainder when 26383 is divided by 159.
148
Calculate the remainder when 2811 is divided by 933.
12
Calculate the remainder when 77554 is divided by 9682.
98
Calculate the remainder when 39938 is divided by 36.
14
Calculate the remainder when 33806 is divided by 924.
542
What is the remainder when 406 is divided by 182?
42
Calculate the remainder when 35122 is divided by 1667.
115
What is the remainder when 3255474 is divided by 25?
24
What is the remainder when 66132 is divided by 114?
12
Calculate the remainder when 77940 is divided by 25977.
9
Calculate the remainder when 594543 is divided by 712.
23
What is the remainder when 18676 is divided by 812?
0
What is the remainder when 11967 is divided by 1329?
6
What is the remainder when 448703 is divided by 52?
47
What is the remainder when 39195 is divided by 97?
7
What is the remainder when 226559 is divided by 2942?
25
What is the remainder when 256 is divided by 100?
56
What is the remainder when 268871 is divided by 75?
71
What is the remainder when 1228 is divided by 110?
18
What is the remainder when 756 is divided by 147?
21
What is the remainder when 16488 is divided by 79?
56
What is the remainder when 1395 is divided by 223?
57
Calculate the remainder when 68219 is divided by 44.
19
Calculate the remainder when 136993 is divided by 34.
7
What is the remainder when 10564 is divided by 32?
4
What is the remainder when 153831 is divided by 4?
3
Calculate the remainder when 1012 is divided by 37.
13
Calculate the remainder when 19877 is divided by 423.
419
What is the remainder when 117347 is divided by 38?
3
What is the remainder when 20959 is divided by 566?
17
What is the remainder when 37127 is divided by 827?
739
Calculate the remainder when 5242 is divided by 1165.
582
What is the remainder when 3316 is divided by 1102?
10
Calculate the remainder when 4573 is divided by 380.
13
Calculate the remainder when 18794 is divided by 3102.
182
Calculate the remainder when 40818 is divided by 314.
312
Calculate the remainder when 10699 is divided by 123.
121
What is the remainder when 118126 is divided by 24?
22
What is the remainder when 15155 is divided by 583?
580
What is the remainder when 1814 is divided by 241?
127
Calculate the remainder when 955127 is divided by 6162.
17
Calculate the remainder when 3635 is divided by 1811.
13
Calculate the remainder when 113504 is divided by 6304.
32
Calculate the remainder when 10481 is divided by 261.
41
What is the remainder when 2246 is divided by 731?
53
What is the remainder when 12719 is divided by 48?
47
What is the remainder when 190790 is divided by 63594?
8
Calculate the remainder when 774 is divided by 387.
0
Calculate the remainder when 18182 is divided by 17884.
298
What is the remainder when 13781 is divided by 170?
11
Calculate the remainder when 9035 is divided by 42.
5
Calculate the remainder when 86198 is divided by 8.
6
Calculate the remainder when 45938 is divided by 383.
361
Calculate the remainder when 5461 is divided by 1698.
367
What is the remainder when 5868 is divided by 14?
2
What is the remainder when 115123 is divided by 1140?
1123
What is the remainder when 2701798 is divided by 1800?
1798
Calculate the remainder when 150 is divided by 44.
18
Calculate the remainder when 4276 is divided by 40.
36
Calculate the remainder when 51131 is divided by 544.
539
What is the remainder when 10365 is divided by 72?
69
What is the remainder when 3855 is divided by 353?
325
Calculate the remainder when 8272 is divided by 25.
22
Calculate the remainder when 603 is divided by 279.
45
Calculate the remainder when 1774 is divided by 71.
70
Calculate the remainder when 22848 is divided by 90.
78
What is the remainder when 213 is divided by 133?
80
What is the remainder when 6872 is divided by 45?
32
Calculate the remainder when 167400 is divided by 16.
8
Calculate the remainder when 245697 is divided by 171.
141
Calculate the remainder when 200653 is divided by 315.
313
What is the remainder when 37220 is divided by 57?
56
Calculate the remainder when 25835 is divided by 574.
5
What is the remainder when 1260560 is divided by 219?
215
Calculate the remainder when 83263 is divided by 36.
31
Calculate the remainder when 4292 is divided by 132.
68
Calculate the remainder when 3681428 is divided by 647.
645
Calculate the remainder when 254731 is divided by 41.
39
Calculate the remainder when 10093 is divided by 4882.
329
Calculate the remainder when 22843 is divided by 15.
13
What is the remainder when 599 is divided by 267?
65
What is the remainder when 701917 is divided by 175478?
5
What is the remainder when 478 is divided by 59?
6
Calculate the remainder when 18968 is divided by 368.
200
Calculate the remainder when 11728 is divided by 1070.
1028
What is the remainder when 184074 is divided by 432?
42
Calculate the remainder when 4724 is divided by 1477.
293
What is the remainder when 62996 is divided by 7874?
4
What is the remainder when 21369 is divided by 29?
25
What is the remainder when 19185 is divided by 3195?
15
Calculate the remainder when 10940 is divided by 21.
20
Calculate the remainder when 361496 is divided by 143.
135
What is the remainder when 11339 is divided by 83?
51
Calculate the remainder when 754 is 